). Let a(n) be the third derivative of -n**5/10 - n**3/6 - n**2. Determine a(v).
-7
Let v(s) = s**3 - 51*s**2 + 49*s + 43. Let g be v(50). Let q(y) = 8*y + 54. Calculate q(g).
-2
Let z = 60 + -48. Let n(w) be the third derivative of w**6/120 - 13*w**5/60 + 11*w**4/24 - 2*w**3/3 + 10*w**2 - 7*w. What is n(z)?
-16
Let h(r) = 14*r**2 - 29*r**2 + 12*r**2 + 1 - r - r**3. Suppose 0 = 4*d - 5*f + 49, d + 2*d + 4*f + 60 = 0. Let x = -19 - d. Give h(x).
4
Let y(o) = 5*o + 46. Suppose 0 = -74*f + 211 - 877. Give y(f).
1
Let s = 209683 - 209687. Let f(w) = 4 + 4 - w - 5 - w**2. What is f(s)?
-9
Let z(a) = -2168313*a**2 + a**3 + 2168328*a**2 + 0*a**3 - 5 + 14*a. Give z(-14).
-5
Let f(d) be the first derivative of d**4/4 - 2*d**3/3 - 5*d**2/2 + 7*d + 1. Suppose -16 - 17 = -11*y. Give f(y).
1
Suppose 237*c = -304*c + 468*c + 146. Let q(r) = 19*r + 5. Calculate q(c).
43
Let f(b) = 778*b - 1565*b + 17 + 783*b - 123. What is f(-33)?
26
Let k(t) be the second derivative of t**4/12 - 13*t**3/6 + 5*t**2/2 + 360*t. Calculate k(11).
-17
Let p = -22 + 15. Let c(j) = 384994 - 128333 + 0*j - 128329 - 128329 + j. What is c(p)?
-4
Let i(u) = -u**3 - 28*u**2 - 29*u - 24. Let q be i(-27). Suppose -4*o = -q*o + 130. Let h(y) = -y**2 + 2*y + 7. Calculate h(o).
-8
Let g(x) = 4*x**3 - 8*x**2 - 13*x + 14. Let q(p) = -3*p**3 + 9*p**2 + 13*p - 14. Let k(z) = -2*g(z) - 3*q(z). Let f be k(12). Let m(s) = -21*s + 3. Give m(f).
-39
Let p(y) = 2*y**2 + 5*y + 4. Let r(c) = -45 - 2*c**3 + 4*c**3 - 28*c - 7*c**2 - 31*c - c**3 + 72*c. Let o be r(6). Give p(o).
7
Let i(m) be the second derivative of -5/2*m**2 + 1/60*m**5 + 2*m - 19 - 1/8*m**4 + 1/6*m**3. Let o(v) be the first derivative of i(v). Calculate o(2).
-1
Let z(m) be the third derivative of -m**5/40 + m**4/24 + 79*m**3/6 + 17*m**2 + 2. Let h(b) be the first derivative of z(b). Let q = -3 - 1. Calculate h(q).
13
Let a(o) be the first derivative of -o**5/20 - 7*o**4/12 + 7*o**3/6 + 11*o**2/2 + 41*o + 108. Let g(q) be the first derivative of a(q). Determine g(-8).
19
Let d(z) be the third derivative of -z**2 - 1/60*z**5 + 0*z - 1/12*z**4 + 0*z**3 - 33. Give d(-6).
-24
Let l(j) be the second derivative of -j**3/6 - 2*j**2 + j. Let u be l(-4). Let x(p) = -4*p - 1962*p**2 + 3*p - 1490*p**2 - 7 + 3453*p**2. Calculate x(u).
-7
Let u(i) = -6*i + i**3 - 4195 + 6*i - 5*i**2 + 4197 + i**2 + 9*i. Give u(2).
12
Suppose 12*z - 91 + 31 = 0. Let b(y) = -108 + 220 + 3*y - 110 - z*y. Calculate b(1).
0
Let v(n) be the second derivative of -5*n**3/3 - n**2/2 - 2*n. Let z be (-1525)/(-5) + (-2)/(6/(-9)). Let h = 306 - z. Give v(h).
19
Suppose 201*x - 156*x - 180 = 0. Let y(h) = h**2 + 2*h - 32. Calculate y(x).
-8
Let k(j) = -j**2 - 19*j - 16. Suppose -4*r + 481*i - 62 = 483*i, -2*r - 13 = -i. What is k(r)?
72
Let k(l) = 2*l**2 - 7*l + 1. Let a(c) = -c**2 + 3*c - 1. Let x(y) = 2*y**2 - 6*y + 2. Let u(r) = -a(r) - x(r). Let m(p) = -k(p) - 3*u(p). Give m(2).
2
Let p(d) = -d**3 + 6*d**2 + 6*d. Suppose 7 + 50 = 19*j. Let o be 82/12 - j/(-18). Calculate p(o).
-7
Suppose -b + 2*s - 3 = 0, 0 = 2*b + 2*s + s + 27. Let c(x) = -5*x - 71. Let w be c(b). Let i = -32 - w. Let o(j) = j**3 + 6*j**2 + 6. Give o(i).
6
Let x = 333 + -331. Let a(j) = 6579*j**2 + 5*j**3 - 6579*j**x. What is a(-1)?
-5
Let m(n) = -4400*n - 4397*n - 26 + 8799*n. Give m(11).
-4
Let i = -3298 + 3295. Let y(d) = d**2 + 11*d + 23. Give y(i).
-1
Suppose z + 4*z + 1045 = -4*r, 2*r = -4*z - 842. Let i = 129 + z. Let l = -79 - i. Let t(p) = p**2 - 2*p. Calculate t(l).
15
Let x(z) be the second derivative of -z**4/12 + z**3/6 - 3*z**2/2 + 2*z. Suppose 4*u - 33 = -4*o - 37, 2*u + 5*o = -14. Determine x(u).
-9
Let t(q) = q**2 + 8*q + 4. Let z = 103 - 515. Let k = 406 + z. Calculate t(k).
-8
Let h(v) = 6*v**3 - 4*v**2 + 2*v + 1. Let l(a) = -a**3 + 27*a**2 - 28*a + 53. Let y be l(26). What is h(y)?
5
Let x be 8/(-36) + 1444/18. Let g = -69 + x. Let p(j) = 7*j - 11. Let i(v) = -4*v + 5. Let l(w) = g*i(w) + 6*p(w). Give l(-9).
7
Let r be 42*28/294 - 4/2. Let t(l) be the first derivative of 13 + 0*l + 1/2*l**r. Calculate t(-5).
-5
Suppose 5*t - 49 = 6. Let q(z) = -12*z + 5*z**2 - 1 - 4*z**2 - 7*z - t*z + 31*z. Determine q(2).
5
Let j be (8/10)/(8/(-20)). Let b(p) = -4*p - 2. Let s(k) = -7*k - 5. Let o(l) = j*s(l) + 5*b(l). Let x(q) = -10*q - 61. Let z be x(-6). Determine o(z).
6
Suppose -18 = -3*v - 3*r, 2*v + v - 13 = 2*r. Suppose 10*u = v*u + 20. Let i(t) = -7*t + 5*t - 2 - u + 0. Give i(-4).
2
Let n(y) = 11*y - 26. Let r(t) = -6*t + 17. Let j(c) = 5*n(c) + 8*r(c). Determine j(-12).
-78
Suppose 46*b - 974 - 38 = 0. Let s(m) = -4*m + 102. Determine s(b).
14
Let r(q) = q**3 - q - 1. Let o(j) be the first derivative of j**4/4 + 2*j**3 - 4*j**2 - 11. Let v(s) = o(s) - 2*r(s). Give v(4).
10
Let k(c) = 8*c + 0*c - 5 - c**2 - 2*c - 2*c. Suppose 5*x + 65 - 75 = 0. Suppose -o - x*g = g - 13, 5*g = 2*o + 7. Determine k(o).
-5
Suppose -145 = -202*h + 355*h - 182*h. Let v(x) = x**3 - 7*x**2 + 32*x - 113. Give v(h).
-3
Let j = 12 + -17. Suppose c = 24*c - 3266. Let g(w) = w**2 - 119 + 268 + 5*w - c. Determine g(j).
7
Let f(p) = 2*p + 4. Suppose 3*k - 100 = -2*o + 98, -4*o = -3*k - 396. Suppose 2*x - 79 + o = 0. Give f(x).
-16
Let n(h) = -h**3 - 5*h**2 - 2*h - 24. Let t be (-83)/15 + (-12)/(-36) - 4/5. Calculate n(t).
24
Let o(h) = h**2 + h - 9. Suppose -v + 24 + 22 = -3*u, 3*u + 15 = 0. Suppose v = -r + 29. Let y(q) = -5*q - 10. Let w be y(r). Calculate o(w).
-9
Let m(w) = 2*w**2 + 14*w + 8. Let y(d) = 8 - 12910*d + 3 + 12927*d + d**2. Let a be y(-16). What is m(a)?
-12
Let i(v) = 6*v + 39. Let f = -1892 + 1873. Give i(f).
-75
Let k(j) = 12*j**2 - 8*j - 21*j + 25*j - j**3 - 26 - 14*j + 5. Calculate k(10).
-1
Let a(f) = -2*f**2 + 24*f - 3*f + 9*f**2 + 8 - 6*f**2 - 3*f**2. What is a(10)?
18
Let b(z) = z**3 + z + 85. Let j = 1534 + -1534. Determine b(j).
85
Let l(i) = 2*i**2 + i + 1. Suppose -3*n - 2*p + 18 - 9 = 0, -5*n + 15 = -3*p. Suppose n*v - k - 10 = 0, -6*k = -3*k + 12. Determine l(v).
11
Let c(p) = -2*p + 2 - 8*p**2 + 7*p**2 - 3*p + 2*p. Let s be (3/(-6))/(34/(-8) + 4). Let l be s*(-4)/8 - 4. Give c(l).
-8
Suppose -496*x + 500*x = 5*o - 18, -2*o - 2*x = 0. Let h(u) be the first derivative of -1 - 3*u + 1/2*u**o. Give h(7).
4
Let m(o) be the third derivative of 0 - 1/3*o**3 - 7/12*o**4 - 101*o**2 + 1/60*o**5 + 0*o. What is m(14)?
-2
Let q(t) = t**3 + 5*t**2 + 4*t + 4. Let x be (-80)/(-6) - 2/6. Suppose -x*s + 100 = -8*s. Suppose 0 = -g + s - 24. Determine q(g).
4
Let y(b) = 560*b + 6*b**2 - 35 + 2*b**3 + 558*b - 3*b**3 - 1117*b. What is y(5)?
-5
Let m(p) be the third derivative of 46*p**2 + 0 + 0*p + 1/6*p**3 + 1/60*p**5 + 1/6*p**4. Determine m(-5).
6
Let w(s) = 3*s - 101. Suppose -13461 = 59*l - 15703. Calculate w(l).
13
Let x(z) = -5*z**2 + 4*z - 14. Let s(o) = -12*o**2 + 8*o - 30. Let q(f) = -4*s(f) + 10*x(f). Give q(6).
-44
Let a(f) = 50*f - 63. Let o be a(5). Let w = o + -183. Let d(x) = -x**2 - 2*x + 0*x + 0*x**3 + x**3 - x**2. What is d(w)?
24
Let f(c) = c**3 + 5*c**2 - c - 4. Suppose -5*m = 5*z - 165, -m = 2*m - 3*z - 87. Suppose -32*t = -m*t + 36. Let a = t + 31. Calculate f(a).
1
Suppose -17 = -5*p - n, 3*p + 3*n - 12 = 3. Let z(j) = -j**p + 5*j - 3*j**2 + 5*j**2 - 2 + 2*j**2. Suppose 93*o = -6*o + 495. Determine z(o).
-2
Let q(t) = -13*t - 8*t + 294 - 2*t**2 - 266 + 0*t**2. Give q(-12).
-8
Suppose -4736*q + 4756*q = -460. Let t(z) = z**3 + 25*z**2 + 46*z + 16. Give t(q).
16
Let v(m) be the second derivative of m**3/6 - 3*m**2/2 - m. Let d = -14121 + 14128. What is v(d)?
4
Let y = 0 - 10. Let s(x) = 12*x**2 + 26*x - 3 - 11*x**2 + 8*x - 24*x. What is s(y)?
-3
Let q(b) be the third derivative of -b**4/3 - 26*b**3/3 - 5*b**2 + 156. Determine q(-7).
4
Suppose 4*b + 3*o = 14, 2 + 0 = 2*b - o. Suppose b*t = 10*t + 64. Let r(h) = h**3 + 8*h**2 + 2*h. Determine r(t).
-16
Let x(k) be the third derivative of 3*k**4/8 - k**3/3 + 81*k**2. Give x(-1).
-11
Let g(d) = -5*d + 20. Let y(c) = 2*c - 1. Let f(w) = g(w) - y(w). What is f(2)?
7
Let p(q) be the second derivative of q**4/12 - 7*q**3/6 - 2*q**2 + q. Let j = 73 - -897. Let d = -964 + j. Determine p(d).
-10
Let i = 3 + -7. Let z(t) be the first derivative of -3*t - 86 - 5/2*t**2 - 1/4*t**4 - 5/3*t**3. Determine z(i).
1
Let f(l) = l + 4 + l + 21 - 12. Let p(o)